{"id":2093,"date":"2023-10-19T10:11:33","date_gmt":"2023-10-19T10:11:33","guid":{"rendered":"https:\/\/kolbl.at\/?page_id=2093"},"modified":"2024-04-22T10:46:41","modified_gmt":"2024-04-22T10:46:41","slug":"stickarbeiten-beschreibung","status":"publish","type":"page","link":"https:\/\/kolbl.at\/index.php\/leistungen\/stickarbeiten-beschreibung\/","title":{"rendered":"Stickarbeiten"},"content":{"rendered":"<div class=\"fusion-fullwidth fullwidth-box fusion-builder-row-1 fusion-flex-container nonhundred-percent-fullwidth non-hundred-percent-height-scrolling\" style=\"--awb-background-position:left top;--awb-border-sizes-top:0px;--awb-border-sizes-bottom:0px;--awb-border-sizes-left:0px;--awb-border-sizes-right:0px;--awb-border-radius-top-left:0px;--awb-border-radius-top-right:0px;--awb-border-radius-bottom-right:0px;--awb-border-radius-bottom-left:0px;--awb-padding-top:0px;--awb-padding-bottom:95px;--awb-padding-bottom-medium:60px;--awb-padding-bottom-small:72px;\" ><div class=\"fusion-builder-row fusion-row fusion-flex-align-items-flex-start\" style=\"max-width:1216.8px;margin-left: calc(-4% \/ 2 );margin-right: calc(-4% \/ 2 );\"><div class=\"fusion-layout-column fusion_builder_column fusion-builder-column-0 fusion_builder_column_1_1 1_1 fusion-flex-column\" style=\"--awb-bg-position:right bottom;--awb-bg-size:cover;--awb-width-large:100%;--awb-margin-top-large:0px;--awb-spacing-right-large:2.304%;--awb-margin-bottom-large:20px;--awb-spacing-left-large:1.92%;--awb-width-medium:40%;--awb-spacing-right-medium:5.76%;--awb-spacing-left-medium:4.8%;--awb-width-small:100%;--awb-spacing-right-small:1.92%;--awb-spacing-left-small:1.92%;\"><div class=\"fusion-column-wrapper fusion-flex-justify-content-flex-start fusion-content-layout-column\"><div class=\"fusion-title title fusion-title-1 fusion-title-text fusion-title-size-three\" style=\"--awb-font-size:46px;\"><div class=\"title-sep-container title-sep-container-left fusion-no-large-visibility fusion-no-medium-visibility fusion-no-small-visibility\"><div class=\"title-sep sep- sep-solid\" style=\"border-color:#e0dede;\"><\/div><\/div><span class=\"awb-title-spacer fusion-no-large-visibility fusion-no-medium-visibility fusion-no-small-visibility\"><\/span><h3 class=\"title-heading-left fusion-responsive-typography-calculated\" style=\"margin:0;font-size:1em;--fontSize:46;line-height:1.67;\">Stickarbeiten<\/h3><span class=\"awb-title-spacer\"><\/span><div class=\"title-sep-container title-sep-container-right\"><div class=\"title-sep sep- sep-solid\" style=\"border-color:#e0dede;\"><\/div><\/div><\/div><div class=\"fusion-separator\" style=\"align-self: flex-start;margin-right:auto;margin-top:0px;margin-bottom:20px;width:100%;max-width:50px;\"><div class=\"fusion-separator-border sep-single sep-solid\" style=\"--awb-height:20px;--awb-amount:20px;--awb-sep-color:#cbaa5c;border-color:#cbaa5c;border-top-width:1px;\"><\/div><\/div><\/div><\/div><div class=\"fusion-layout-column fusion_builder_column fusion-builder-column-1 fusion_builder_column_1_1 1_1 fusion-flex-column fusion-flex-align-self-center\" style=\"--awb-bg-size:cover;--awb-width-large:100%;--awb-margin-top-large:0px;--awb-spacing-right-large:1.92%;--awb-margin-bottom-large:20px;--awb-spacing-left-large:1.92%;--awb-width-medium:33.333333333333%;--awb-order-medium:0;--awb-spacing-right-medium:5.76%;--awb-spacing-left-medium:5.76%;--awb-width-small:100%;--awb-order-small:0;--awb-spacing-right-small:1.92%;--awb-spacing-left-small:1.92%;\" data-motion-effects=\"[{&quot;type&quot;:&quot;&quot;,&quot;scroll_type&quot;:&quot;transition&quot;,&quot;scroll_direction&quot;:&quot;up&quot;,&quot;transition_speed&quot;:&quot;1&quot;,&quot;fade_type&quot;:&quot;in&quot;,&quot;scale_type&quot;:&quot;up&quot;,&quot;initial_scale&quot;:&quot;1&quot;,&quot;max_scale&quot;:&quot;1.5&quot;,&quot;min_scale&quot;:&quot;0.5&quot;,&quot;initial_rotate&quot;:&quot;0&quot;,&quot;end_rotate&quot;:&quot;30&quot;,&quot;initial_blur&quot;:&quot;0&quot;,&quot;end_blur&quot;:&quot;3&quot;,&quot;start_element&quot;:&quot;top&quot;,&quot;start_viewport&quot;:&quot;bottom&quot;,&quot;end_element&quot;:&quot;bottom&quot;,&quot;end_viewport&quot;:&quot;top&quot;,&quot;mouse_effect&quot;:&quot;track&quot;,&quot;mouse_effect_direction&quot;:&quot;opposite&quot;,&quot;mouse_effect_speed&quot;:&quot;2&quot;,&quot;infinite_animation&quot;:&quot;float&quot;,&quot;infinite_animation_speed&quot;:&quot;2&quot;}]\" data-scroll-devices=\"small-visibility,medium-visibility,large-visibility\"><div class=\"fusion-column-wrapper fusion-column-has-shadow fusion-flex-justify-content-flex-start fusion-content-layout-column\"><div class=\"fusion-image-element \" style=\"--awb-liftup-border-radius:0px;--awb-caption-title-font-family:var(--h2_typography-font-family);--awb-caption-title-font-weight:var(--h2_typography-font-weight);--awb-caption-title-font-style:var(--h2_typography-font-style);--awb-caption-title-size:var(--h2_typography-font-size);--awb-caption-title-transform:var(--h2_typography-text-transform);--awb-caption-title-line-height:var(--h2_typography-line-height);--awb-caption-title-letter-spacing:var(--h2_typography-letter-spacing);\"><div class=\"awb-image-frame awb-image-frame-1 imageframe-liftup\"><span class=\" fusion-imageframe imageframe-none imageframe-1\" class=\"image-scroll\"><a href=\"https:\/\/kolbl.at\/wp-content\/uploads\/2023\/10\/stick.jpg\" class=\"fusion-lightbox\" data-rel=\"iLightbox[deluxe]\" data-title=\"stick\" title=\"stick\"><img decoding=\"async\" width=\"2381\" height=\"900\" src=\"https:\/\/kolbl.at\/wp-content\/uploads\/2023\/10\/stick.jpg\" alt class=\"img-responsive wp-image-2092\" srcset=\"https:\/\/kolbl.at\/wp-content\/uploads\/2023\/10\/stick-200x76.jpg 200w, https:\/\/kolbl.at\/wp-content\/uploads\/2023\/10\/stick-400x151.jpg 400w, https:\/\/kolbl.at\/wp-content\/uploads\/2023\/10\/stick-600x227.jpg 600w, https:\/\/kolbl.at\/wp-content\/uploads\/2023\/10\/stick-800x302.jpg 800w, https:\/\/kolbl.at\/wp-content\/uploads\/2023\/10\/stick-1200x454.jpg 1200w, https:\/\/kolbl.at\/wp-content\/uploads\/2023\/10\/stick.jpg 2381w\" sizes=\"(max-width: 1024px) 100vw, (max-width: 640px) 100vw, 1200px\" \/><\/a><\/span><\/div><\/div><\/div><\/div><div class=\"fusion-layout-column fusion_builder_column fusion-builder-column-2 fusion_builder_column_1_1 1_1 fusion-flex-column\" style=\"--awb-bg-position:right bottom;--awb-bg-size:cover;--awb-width-large:100%;--awb-margin-top-large:0px;--awb-spacing-right-large:2.304%;--awb-margin-bottom-large:20px;--awb-spacing-left-large:1.92%;--awb-width-medium:40%;--awb-spacing-right-medium:5.76%;--awb-spacing-left-medium:4.8%;--awb-width-small:100%;--awb-spacing-right-small:1.92%;--awb-spacing-left-small:1.92%;\"><div class=\"fusion-column-wrapper fusion-flex-justify-content-flex-start fusion-content-layout-column\"><div class=\"fusion-separator\" style=\"align-self: flex-start;margin-right:auto;margin-top:0px;margin-bottom:20px;width:100%;max-width:50px;\"><div class=\"fusion-separator-border sep-single sep-solid\" style=\"--awb-height:20px;--awb-amount:20px;--awb-sep-color:#cbaa5c;border-color:#cbaa5c;border-top-width:1px;\"><\/div><\/div><div class=\"fusion-text fusion-text-1\"><div class=\"flex-col gap-1 md:gap-3\">\n<div class=\"flex flex-grow flex-col gap-3 max-w-full\">\n<div class=\"min-h-&#091;20px&#093; flex flex-col items-start gap-3 whitespace-pre-wrap break-words overflow-x-auto\">\n<div class=\"markdown prose w-full break-words dark:prose-invert light\">\n<div class=\"flex flex-grow flex-col gap-3 max-w-full\">\n<div class=\"min-h-&#091;20px&#093; flex flex-col items-start gap-3 whitespace-pre-wrap break-words overflow-x-auto\">\n<div class=\"markdown prose w-full break-words dark:prose-invert light\">\n<div class=\"flex flex-grow flex-col gap-3 max-w-full\">\n<div class=\"min-h-&#091;20px&#093; flex flex-col items-start gap-3 whitespace-pre-wrap break-words overflow-x-auto\">\n<div class=\"markdown prose w-full break-words dark:prose-invert light\">\n<div class=\"flex flex-grow flex-col gap-3 max-w-full\">\n<div class=\"min-h-&#091;20px&#093; flex flex-col items-start gap-3 whitespace-pre-wrap break-words overflow-x-auto\">\n<div class=\"markdown prose w-full break-words dark:prose-invert light\">\n<p>Das Besticken von Textilien ist eine beliebte Methode, um Kleidungsst\u00fccke, Taschen, Handt\u00fccher und andere Stoffe mit individuellen Designs, Logos oder Schriftz\u00fcgen zu versehen. Hier ist eine allgemeine Beschreibung des Prozesses:<\/p>\n<p>Materialien und Werkzeuge:<\/p>\n<ol>\n<li>Textilien: W\u00e4hlen Sie die Textilien aus, die Sie besticken m\u00f6chten. Dies k\u00f6nnen T-Shirts, Polohemden, Baseballkappen, Handt\u00fccher, Schals, Decken und vieles mehr sein.<\/li>\n<li>Stickmuster: Sie ben\u00f6tigen ein Stickmuster oder Design, das auf den Stoff gestickt werden soll. Dieses Muster kann von Hand erstellt oder mithilfe von spezieller Software digitalisiert werden.<\/li>\n<li>Stickgarn: Stickgarne sind spezielle, d\u00fcnne Garne, die in verschiedenen Farben erh\u00e4ltlich sind. Sie werden f\u00fcr das eigentliche Sticken verwendet.<\/li>\n<li>Stickrahmen: Ein Stickrahmen wird verwendet, um den Stoff w\u00e4hrend des Stickvorgangs zu stabilisieren und zu spannen. Es gibt verschiedene Arten von Stickrahmen, darunter Rundrahmen, Rechteckrahmen und Maschinenrahmen.<\/li>\n<li>N\u00e4hmaschine oder Stickmaschine: Sie ben\u00f6tigen eine N\u00e4hmaschine mit Stickfunktion oder eine spezielle Stickmaschine, um das Stickmuster auf den Stoff zu \u00fcbertragen.<\/li>\n<\/ol>\n<p>Der Stickprozess:<\/p>\n<ol>\n<li>Vorbereitung: Platzieren Sie den ausgew\u00e4hlten Stoff in den Stickrahmen und spannen Sie ihn fest. Stellen Sie sicher, dass der Stoff glatt und faltenfrei ist.<\/li>\n<li>Stickmuster ausw\u00e4hlen: Laden Sie das gew\u00fcnschte Stickmuster in die Stickmaschine oder \u00fcbertragen Sie es von einem Computer auf die Stickmaschine, wenn Sie eine eigenst\u00e4ndige Stickmaschine verwenden.<\/li>\n<li>Fadenspannung und Farbauswahl: Stellen Sie die Fadenspannung und w\u00e4hlen Sie die gew\u00fcnschten Stickgarben entsprechend dem Design aus.<\/li>\n<li>Stickvorgang: Starten Sie die Stickmaschine, die das ausgew\u00e4hlte Muster auf den Stoff stickt. Wenn Sie von Hand sticken, verwenden Sie Sticknadeln und ziehen den Faden durch den Stoff, um das Muster zu erstellen.<\/li>\n<li>Nachbearbeitung: Schneiden Sie \u00fcbersch\u00fcssige F\u00e4den ab und entfernen Sie den Stoff aus dem Rahmen.<\/li>\n<li>Waschen und Pflege: Nach dem Besticken sollten Sie das Textil gem\u00e4\u00df den Pflegeanweisungen behandeln, um sicherzustellen, dass das Stickmuster lange h\u00e4lt.<\/li>\n<\/ol>\n<p>Besticken von Textilien erm\u00f6glicht die Personalisierung von Kleidung und anderen Stoffen und eignet sich sowohl f\u00fcr kleine individuelle Projekte als auch f\u00fcr die Massenproduktion von bestickten Produkten. Die Qualit\u00e4t und das Aussehen des Endprodukts h\u00e4ngen von der Sorgfalt und Pr\u00e4zision ab, mit der der Stickprozess durchgef\u00fchrt wird.<\/p>\n<\/div>\n<p>Sie haben Fragen? <a href=\"mailto:medienhaus@kolbl.at\">Klicken Sie hier!<\/a><\/p>\n<\/div>\n<\/div>\n<\/div>\n<\/div>\n<\/div>\n<\/div>\n<\/div>\n<\/div>\n<\/div>\n<\/div>\n<\/div>\n<\/div>\n<\/div><\/div><\/div><div class=\"fusion-layout-column fusion_builder_column fusion-builder-column-3 fusion_builder_column_1_1 1_1 fusion-flex-column\" style=\"--awb-bg-position:right bottom;--awb-bg-size:cover;--awb-width-large:100%;--awb-margin-top-large:0px;--awb-spacing-right-large:2.304%;--awb-margin-bottom-large:20px;--awb-spacing-left-large:1.92%;--awb-width-medium:40%;--awb-spacing-right-medium:5.76%;--awb-spacing-left-medium:4.8%;--awb-width-small:100%;--awb-spacing-right-small:1.92%;--awb-spacing-left-small:1.92%;\"><div class=\"fusion-column-wrapper fusion-flex-justify-content-flex-start fusion-content-layout-column\"><div class=\"fusion-separator\" style=\"align-self: flex-start;margin-right:auto;margin-top:0px;margin-bottom:20px;width:100%;max-width:50px;\"><div class=\"fusion-separator-border sep-single sep-solid\" style=\"--awb-height:20px;--awb-amount:20px;--awb-sep-color:#cbaa5c;border-color:#cbaa5c;border-top-width:1px;\"><\/div><\/div><\/div><\/div><\/div><\/div>\n","protected":false},"excerpt":{"rendered":"","protected":false},"author":1,"featured_media":0,"parent":1934,"menu_order":23,"comment_status":"open","ping_status":"closed","template":"100-width.php","meta":{"footnotes":""},"class_list":["post-2093","page","type-page","status-publish","hentry"],"_links":{"self":[{"href":"https:\/\/kolbl.at\/index.php\/wp-json\/wp\/v2\/pages\/2093","targetHints":{"allow":["GET"]}}],"collection":[{"href":"https:\/\/kolbl.at\/index.php\/wp-json\/wp\/v2\/pages"}],"about":[{"href":"https:\/\/kolbl.at\/index.php\/wp-json\/wp\/v2\/types\/page"}],"author":[{"embeddable":true,"href":"https:\/\/kolbl.at\/index.php\/wp-json\/wp\/v2\/users\/1"}],"replies":[{"embeddable":true,"href":"https:\/\/kolbl.at\/index.php\/wp-json\/wp\/v2\/comments?post=2093"}],"version-history":[{"count":3,"href":"https:\/\/kolbl.at\/index.php\/wp-json\/wp\/v2\/pages\/2093\/revisions"}],"predecessor-version":[{"id":2201,"href":"https:\/\/kolbl.at\/index.php\/wp-json\/wp\/v2\/pages\/2093\/revisions\/2201"}],"up":[{"embeddable":true,"href":"https:\/\/kolbl.at\/index.php\/wp-json\/wp\/v2\/pages\/1934"}],"wp:attachment":[{"href":"https:\/\/kolbl.at\/index.php\/wp-json\/wp\/v2\/media?parent=2093"}],"curies":[{"name":"wp","href":"https:\/\/api.w.org\/{rel}","templated":true}]}}