{"id":2085,"date":"2023-10-19T09:52:18","date_gmt":"2023-10-19T09:52:18","guid":{"rendered":"https:\/\/kolbl.at\/?page_id=2085"},"modified":"2024-04-22T10:45:54","modified_gmt":"2024-04-22T10:45:54","slug":"kunstsiebdruck-beschreibung","status":"publish","type":"page","link":"https:\/\/kolbl.at\/index.php\/leistungen\/kunstsiebdruck-beschreibung\/","title":{"rendered":"Kunstsiebdruck"},"content":{"rendered":"<div class=\"fusion-fullwidth fullwidth-box fusion-builder-row-1 fusion-flex-container nonhundred-percent-fullwidth non-hundred-percent-height-scrolling\" style=\"--awb-background-position:left top;--awb-border-sizes-top:0px;--awb-border-sizes-bottom:0px;--awb-border-sizes-left:0px;--awb-border-sizes-right:0px;--awb-border-radius-top-left:0px;--awb-border-radius-top-right:0px;--awb-border-radius-bottom-right:0px;--awb-border-radius-bottom-left:0px;--awb-padding-top:0px;--awb-padding-bottom:95px;--awb-padding-bottom-medium:60px;--awb-padding-bottom-small:72px;\" ><div class=\"fusion-builder-row fusion-row fusion-flex-align-items-flex-start\" style=\"max-width:1216.8px;margin-left: calc(-4% \/ 2 );margin-right: calc(-4% \/ 2 );\"><div class=\"fusion-layout-column fusion_builder_column fusion-builder-column-0 fusion_builder_column_1_1 1_1 fusion-flex-column\" style=\"--awb-bg-position:right bottom;--awb-bg-size:cover;--awb-width-large:100%;--awb-margin-top-large:0px;--awb-spacing-right-large:2.304%;--awb-margin-bottom-large:20px;--awb-spacing-left-large:1.92%;--awb-width-medium:40%;--awb-spacing-right-medium:5.76%;--awb-spacing-left-medium:4.8%;--awb-width-small:100%;--awb-spacing-right-small:1.92%;--awb-spacing-left-small:1.92%;\"><div class=\"fusion-column-wrapper fusion-flex-justify-content-flex-start fusion-content-layout-column\"><div class=\"fusion-title title fusion-title-1 fusion-title-text fusion-title-size-three\" style=\"--awb-font-size:46px;\"><div class=\"title-sep-container title-sep-container-left fusion-no-large-visibility fusion-no-medium-visibility fusion-no-small-visibility\"><div class=\"title-sep sep- sep-solid\" style=\"border-color:#e0dede;\"><\/div><\/div><span class=\"awb-title-spacer fusion-no-large-visibility fusion-no-medium-visibility fusion-no-small-visibility\"><\/span><h3 class=\"title-heading-left fusion-responsive-typography-calculated\" style=\"margin:0;font-size:1em;--fontSize:46;line-height:1.67;\">Kunstsiebdruck<\/h3><span class=\"awb-title-spacer\"><\/span><div class=\"title-sep-container title-sep-container-right\"><div class=\"title-sep sep- sep-solid\" style=\"border-color:#e0dede;\"><\/div><\/div><\/div><div class=\"fusion-separator\" style=\"align-self: flex-start;margin-right:auto;margin-top:0px;margin-bottom:20px;width:100%;max-width:50px;\"><div class=\"fusion-separator-border sep-single sep-solid\" style=\"--awb-height:20px;--awb-amount:20px;--awb-sep-color:#cbaa5c;border-color:#cbaa5c;border-top-width:1px;\"><\/div><\/div><\/div><\/div><div class=\"fusion-layout-column fusion_builder_column fusion-builder-column-1 fusion_builder_column_1_2 1_2 fusion-flex-column fusion-flex-align-self-center\" style=\"--awb-bg-size:cover;--awb-width-large:50%;--awb-margin-top-large:0px;--awb-spacing-right-large:3.84%;--awb-margin-bottom-large:20px;--awb-spacing-left-large:3.84%;--awb-width-medium:33.333333333333%;--awb-order-medium:0;--awb-spacing-right-medium:5.76%;--awb-spacing-left-medium:5.76%;--awb-width-small:100%;--awb-order-small:0;--awb-spacing-right-small:1.92%;--awb-spacing-left-small:1.92%;\" data-motion-effects=\"[{&quot;type&quot;:&quot;&quot;,&quot;scroll_type&quot;:&quot;transition&quot;,&quot;scroll_direction&quot;:&quot;up&quot;,&quot;transition_speed&quot;:&quot;1&quot;,&quot;fade_type&quot;:&quot;in&quot;,&quot;scale_type&quot;:&quot;up&quot;,&quot;initial_scale&quot;:&quot;1&quot;,&quot;max_scale&quot;:&quot;1.5&quot;,&quot;min_scale&quot;:&quot;0.5&quot;,&quot;initial_rotate&quot;:&quot;0&quot;,&quot;end_rotate&quot;:&quot;30&quot;,&quot;initial_blur&quot;:&quot;0&quot;,&quot;end_blur&quot;:&quot;3&quot;,&quot;start_element&quot;:&quot;top&quot;,&quot;start_viewport&quot;:&quot;bottom&quot;,&quot;end_element&quot;:&quot;bottom&quot;,&quot;end_viewport&quot;:&quot;top&quot;,&quot;mouse_effect&quot;:&quot;track&quot;,&quot;mouse_effect_direction&quot;:&quot;opposite&quot;,&quot;mouse_effect_speed&quot;:&quot;2&quot;,&quot;infinite_animation&quot;:&quot;float&quot;,&quot;infinite_animation_speed&quot;:&quot;2&quot;}]\" data-scroll-devices=\"small-visibility,medium-visibility,large-visibility\"><div class=\"fusion-column-wrapper fusion-column-has-shadow fusion-flex-justify-content-flex-start fusion-content-layout-column\"><div class=\"fusion-image-element \" style=\"--awb-liftup-border-radius:0px;--awb-caption-title-font-family:var(--h2_typography-font-family);--awb-caption-title-font-weight:var(--h2_typography-font-weight);--awb-caption-title-font-style:var(--h2_typography-font-style);--awb-caption-title-size:var(--h2_typography-font-size);--awb-caption-title-transform:var(--h2_typography-text-transform);--awb-caption-title-line-height:var(--h2_typography-line-height);--awb-caption-title-letter-spacing:var(--h2_typography-letter-spacing);\"><div class=\"awb-image-frame awb-image-frame-1 imageframe-liftup\"><span class=\" fusion-imageframe imageframe-none imageframe-1\" class=\"image-scroll\"><a href=\"https:\/\/kolbl.at\/wp-content\/uploads\/2023\/10\/farben_02.jpg\" class=\"fusion-lightbox\" data-rel=\"iLightbox[deluxe]\" data-title=\"farben_02\" title=\"farben_02\"><img decoding=\"async\" width=\"1500\" height=\"900\" src=\"https:\/\/kolbl.at\/wp-content\/uploads\/2023\/10\/farben_02.jpg\" alt class=\"img-responsive wp-image-2078\" srcset=\"https:\/\/kolbl.at\/wp-content\/uploads\/2023\/10\/farben_02-200x120.jpg 200w, https:\/\/kolbl.at\/wp-content\/uploads\/2023\/10\/farben_02-400x240.jpg 400w, https:\/\/kolbl.at\/wp-content\/uploads\/2023\/10\/farben_02-600x360.jpg 600w, https:\/\/kolbl.at\/wp-content\/uploads\/2023\/10\/farben_02-800x480.jpg 800w, https:\/\/kolbl.at\/wp-content\/uploads\/2023\/10\/farben_02-1200x720.jpg 1200w, https:\/\/kolbl.at\/wp-content\/uploads\/2023\/10\/farben_02.jpg 1500w\" sizes=\"(max-width: 1024px) 100vw, (max-width: 640px) 100vw, 600px\" \/><\/a><\/span><\/div><\/div><\/div><\/div><div class=\"fusion-layout-column fusion_builder_column fusion-builder-column-2 fusion_builder_column_1_2 1_2 fusion-flex-column fusion-flex-align-self-center\" style=\"--awb-bg-size:cover;--awb-width-large:50%;--awb-margin-top-large:0px;--awb-spacing-right-large:3.84%;--awb-margin-bottom-large:20px;--awb-spacing-left-large:3.84%;--awb-width-medium:33.333333333333%;--awb-order-medium:0;--awb-spacing-right-medium:5.76%;--awb-spacing-left-medium:5.76%;--awb-width-small:100%;--awb-order-small:0;--awb-spacing-right-small:1.92%;--awb-spacing-left-small:1.92%;\" data-motion-effects=\"[{&quot;type&quot;:&quot;&quot;,&quot;scroll_type&quot;:&quot;transition&quot;,&quot;scroll_direction&quot;:&quot;up&quot;,&quot;transition_speed&quot;:&quot;1&quot;,&quot;fade_type&quot;:&quot;in&quot;,&quot;scale_type&quot;:&quot;up&quot;,&quot;initial_scale&quot;:&quot;1&quot;,&quot;max_scale&quot;:&quot;1.5&quot;,&quot;min_scale&quot;:&quot;0.5&quot;,&quot;initial_rotate&quot;:&quot;0&quot;,&quot;end_rotate&quot;:&quot;30&quot;,&quot;initial_blur&quot;:&quot;0&quot;,&quot;end_blur&quot;:&quot;3&quot;,&quot;start_element&quot;:&quot;top&quot;,&quot;start_viewport&quot;:&quot;bottom&quot;,&quot;end_element&quot;:&quot;bottom&quot;,&quot;end_viewport&quot;:&quot;top&quot;,&quot;mouse_effect&quot;:&quot;track&quot;,&quot;mouse_effect_direction&quot;:&quot;opposite&quot;,&quot;mouse_effect_speed&quot;:&quot;2&quot;,&quot;infinite_animation&quot;:&quot;float&quot;,&quot;infinite_animation_speed&quot;:&quot;2&quot;}]\" data-scroll-devices=\"small-visibility,medium-visibility,large-visibility\"><div class=\"fusion-column-wrapper fusion-column-has-shadow fusion-flex-justify-content-flex-start fusion-content-layout-column\"><div class=\"fusion-image-element \" style=\"--awb-liftup-border-radius:0px;--awb-caption-title-font-family:var(--h2_typography-font-family);--awb-caption-title-font-weight:var(--h2_typography-font-weight);--awb-caption-title-font-style:var(--h2_typography-font-style);--awb-caption-title-size:var(--h2_typography-font-size);--awb-caption-title-transform:var(--h2_typography-text-transform);--awb-caption-title-line-height:var(--h2_typography-line-height);--awb-caption-title-letter-spacing:var(--h2_typography-letter-spacing);\"><div class=\"awb-image-frame awb-image-frame-2 imageframe-liftup\"><span class=\" fusion-imageframe imageframe-none imageframe-2\" class=\"image-scroll\"><a href=\"https:\/\/kolbl.at\/wp-content\/uploads\/2023\/10\/farbpalette.jpg\" class=\"fusion-lightbox\" data-rel=\"iLightbox[deluxe]\" data-title=\"farbpalette\" title=\"farbpalette\"><img decoding=\"async\" width=\"1500\" height=\"900\" src=\"https:\/\/kolbl.at\/wp-content\/uploads\/2023\/10\/farbpalette.jpg\" alt class=\"img-responsive wp-image-2079\" srcset=\"https:\/\/kolbl.at\/wp-content\/uploads\/2023\/10\/farbpalette-200x120.jpg 200w, https:\/\/kolbl.at\/wp-content\/uploads\/2023\/10\/farbpalette-400x240.jpg 400w, https:\/\/kolbl.at\/wp-content\/uploads\/2023\/10\/farbpalette-600x360.jpg 600w, https:\/\/kolbl.at\/wp-content\/uploads\/2023\/10\/farbpalette-800x480.jpg 800w, https:\/\/kolbl.at\/wp-content\/uploads\/2023\/10\/farbpalette-1200x720.jpg 1200w, https:\/\/kolbl.at\/wp-content\/uploads\/2023\/10\/farbpalette.jpg 1500w\" sizes=\"(max-width: 1024px) 100vw, (max-width: 640px) 100vw, 600px\" \/><\/a><\/span><\/div><\/div><\/div><\/div><div class=\"fusion-layout-column fusion_builder_column fusion-builder-column-3 fusion_builder_column_1_1 1_1 fusion-flex-column\" style=\"--awb-bg-position:right bottom;--awb-bg-size:cover;--awb-width-large:100%;--awb-margin-top-large:0px;--awb-spacing-right-large:2.304%;--awb-margin-bottom-large:20px;--awb-spacing-left-large:1.92%;--awb-width-medium:40%;--awb-spacing-right-medium:5.76%;--awb-spacing-left-medium:4.8%;--awb-width-small:100%;--awb-spacing-right-small:1.92%;--awb-spacing-left-small:1.92%;\"><div class=\"fusion-column-wrapper fusion-flex-justify-content-flex-start fusion-content-layout-column\"><div class=\"fusion-separator\" style=\"align-self: flex-start;margin-right:auto;margin-top:0px;margin-bottom:20px;width:100%;max-width:50px;\"><div class=\"fusion-separator-border sep-single sep-solid\" style=\"--awb-height:20px;--awb-amount:20px;--awb-sep-color:#cbaa5c;border-color:#cbaa5c;border-top-width:1px;\"><\/div><\/div><div class=\"fusion-text fusion-text-1\"><div class=\"flex-col gap-1 md:gap-3\">\n<div class=\"flex flex-grow flex-col gap-3 max-w-full\">\n<div class=\"min-h-&#091;20px&#093; flex flex-col items-start gap-3 whitespace-pre-wrap break-words overflow-x-auto\">\n<div class=\"markdown prose w-full break-words dark:prose-invert light\">\n<p>Der Kunstsiebdruck, oft auch als Siebdruck oder Serigrafie bezeichnet, ist eine Drucktechnik, die in der Kunst, Grafikdesign, Textilindustrie und anderen Bereichen Verwendung findet. Diese Technik erm\u00f6glicht es, hochwertige Drucke auf verschiedenen Materialien wie Papier, Stoff, Glas, Holz, Metall und Kunststoff herzustellen. Hier ist eine Beschreibung des Kunstsiebdrucks:<\/p>\n<ol>\n<li>Sieb: Das Herzst\u00fcck des Siebdrucks ist das Sieb, ein feinmaschiges Gewebe, das auf einem Rahmen gespannt ist. Das Sieb wird in der Regel aus Polyester oder Metall gefertigt und ist mit einer lichtempfindlichen Emulsion beschichtet.<\/li>\n<li>Vorlagen: Um ein Bild oder Design auf das Sieb zu \u00fcbertragen, wird eine Vorlage ben\u00f6tigt. Dies kann entweder eine handgezeichnete Illustration sein oder ein digitales Design, das auf eine transparente Folie gedruckt wird.<\/li>\n<li>Belichten: Die Vorlage wird auf das emulsierte Sieb gelegt, und das Sieb wird dann belichtet. Dabei wird UV-Licht durch die transparenten Bereiche der Vorlage auf die Emulsion \u00fcbertragen. Die belichtete Emulsion h\u00e4rtet aus und bildet ein Negativ des gew\u00fcnschten Designs auf dem Sieb.<\/li>\n<li>Waschen: Nach dem Belichten wird das Sieb gewaschen, um die nicht belichtete Emulsion zu entfernen, wodurch die Sieb\u00f6ffnungen ge\u00f6ffnet werden, die das Design repr\u00e4sentieren.<\/li>\n<li>Druckvorbereitung: Das Material, auf das gedruckt werden soll (z.B. Papier, Stoff oder andere Oberfl\u00e4chen), wird vorbereitet. Dies kann das Platzieren eines Fixierungsrahmens oder das Auftragen von Farben auf den Druckbereich beinhalten.<\/li>\n<li>Drucken: Die Farbe wird auf das Sieb gegeben, und ein Rakel wird verwendet, um die Farbe gleichm\u00e4\u00dfig \u00fcber das Sieb auf das Material zu verteilen. Die Farbe dringt nur durch die offenen Sieb\u00f6ffnungen und bildet das gew\u00fcnschte Design auf dem Material.<\/li>\n<li>Trocknen: Nach dem Drucken muss die Farbe auf dem Material trocknen. Dies kann durch Lufttrocknung, W\u00e4rmeeinwirkung oder andere Methoden erfolgen, abh\u00e4ngig von der Art der verwendeten Farben und des Materials.<\/li>\n<li>Wiederholung: Der Druckvorgang kann mehrmals wiederholt werden, um mehrschichtige und farbenfrohe Designs zu erstellen.<\/li>\n<\/ol>\n<p>Der Kunstsiebdruck erm\u00f6glicht eine hohe Pr\u00e4zision und Farbintensit\u00e4t und eignet sich besonders gut f\u00fcr den Druck von Postern, T-Shirts, Plakaten, Verpackungen und Werbematerialien. Es ist eine vielseitige Drucktechnik, die von K\u00fcnstlern, Designern und Unternehmen genutzt wird, um qualitativ hochwertige und langlebige Drucke herzustellen.<\/p>\n<\/div>\n<p>Sie haben Fragen? <a href=\"mailto:medienhaus@kolbl.at\">Klicken Sie hier!<\/a><\/p>\n<\/div>\n<\/div>\n<\/div>\n<\/div><\/div><\/div><div class=\"fusion-layout-column fusion_builder_column fusion-builder-column-4 fusion_builder_column_1_1 1_1 fusion-flex-column\" style=\"--awb-bg-position:right bottom;--awb-bg-size:cover;--awb-width-large:100%;--awb-margin-top-large:0px;--awb-spacing-right-large:2.304%;--awb-margin-bottom-large:20px;--awb-spacing-left-large:1.92%;--awb-width-medium:40%;--awb-spacing-right-medium:5.76%;--awb-spacing-left-medium:4.8%;--awb-width-small:100%;--awb-spacing-right-small:1.92%;--awb-spacing-left-small:1.92%;\"><div class=\"fusion-column-wrapper fusion-flex-justify-content-flex-start fusion-content-layout-column\"><div class=\"fusion-separator\" style=\"align-self: flex-start;margin-right:auto;margin-top:0px;margin-bottom:20px;width:100%;max-width:50px;\"><div class=\"fusion-separator-border sep-single sep-solid\" style=\"--awb-height:20px;--awb-amount:20px;--awb-sep-color:#cbaa5c;border-color:#cbaa5c;border-top-width:1px;\"><\/div><\/div><\/div><\/div><\/div><\/div>\n","protected":false},"excerpt":{"rendered":"","protected":false},"author":1,"featured_media":0,"parent":1934,"menu_order":21,"comment_status":"open","ping_status":"closed","template":"100-width.php","meta":{"footnotes":""},"class_list":["post-2085","page","type-page","status-publish","hentry"],"_links":{"self":[{"href":"https:\/\/kolbl.at\/index.php\/wp-json\/wp\/v2\/pages\/2085","targetHints":{"allow":["GET"]}}],"collection":[{"href":"https:\/\/kolbl.at\/index.php\/wp-json\/wp\/v2\/pages"}],"about":[{"href":"https:\/\/kolbl.at\/index.php\/wp-json\/wp\/v2\/types\/page"}],"author":[{"embeddable":true,"href":"https:\/\/kolbl.at\/index.php\/wp-json\/wp\/v2\/users\/1"}],"replies":[{"embeddable":true,"href":"https:\/\/kolbl.at\/index.php\/wp-json\/wp\/v2\/comments?post=2085"}],"version-history":[{"count":3,"href":"https:\/\/kolbl.at\/index.php\/wp-json\/wp\/v2\/pages\/2085\/revisions"}],"predecessor-version":[{"id":2199,"href":"https:\/\/kolbl.at\/index.php\/wp-json\/wp\/v2\/pages\/2085\/revisions\/2199"}],"up":[{"embeddable":true,"href":"https:\/\/kolbl.at\/index.php\/wp-json\/wp\/v2\/pages\/1934"}],"wp:attachment":[{"href":"https:\/\/kolbl.at\/index.php\/wp-json\/wp\/v2\/media?parent=2085"}],"curies":[{"name":"wp","href":"https:\/\/api.w.org\/{rel}","templated":true}]}}