{"id":1485,"date":"2015-07-03T04:36:58","date_gmt":"2015-07-03T04:36:58","guid":{"rendered":"https:\/\/kolbl.at\/?page_id=1485"},"modified":"2026-01-12T10:01:16","modified_gmt":"2026-01-12T10:01:16","slug":"unternehmen","status":"publish","type":"page","link":"https:\/\/kolbl.at\/","title":{"rendered":"Unternehmen"},"content":{"rendered":"<div class=\"fusion-fullwidth fullwidth-box fusion-builder-row-1 fusion-flex-container nonhundred-percent-fullwidth non-hundred-percent-height-scrolling\" style=\"--awb-background-position:left top;--awb-border-sizes-top:0px;--awb-border-sizes-bottom:0px;--awb-border-sizes-left:0px;--awb-border-sizes-right:0px;--awb-border-radius-top-left:0px;--awb-border-radius-top-right:0px;--awb-border-radius-bottom-right:0px;--awb-border-radius-bottom-left:0px;--awb-padding-top:0px;--awb-padding-bottom:95px;--awb-padding-bottom-medium:60px;--awb-padding-bottom-small:72px;\" ><div class=\"fusion-builder-row fusion-row fusion-flex-align-items-flex-start\" style=\"max-width:1216.8px;margin-left: calc(-4% \/ 2 );margin-right: calc(-4% \/ 2 );\"><div class=\"fusion-layout-column fusion_builder_column fusion-builder-column-0 fusion_builder_column_1_1 1_1 fusion-flex-column\" style=\"--awb-bg-position:right bottom;--awb-bg-size:cover;--awb-width-large:100%;--awb-margin-top-large:0px;--awb-spacing-right-large:2.304%;--awb-margin-bottom-large:20px;--awb-spacing-left-large:1.92%;--awb-width-medium:40%;--awb-spacing-right-medium:5.76%;--awb-spacing-left-medium:4.8%;--awb-width-small:100%;--awb-spacing-right-small:1.92%;--awb-spacing-left-small:1.92%;\"><div class=\"fusion-column-wrapper fusion-flex-justify-content-flex-start fusion-content-layout-column\"><div class=\"fusion-title title fusion-title-1 fusion-title-text fusion-title-size-three\" style=\"--awb-font-size:46px;\"><div class=\"title-sep-container title-sep-container-left fusion-no-large-visibility fusion-no-medium-visibility fusion-no-small-visibility\"><div class=\"title-sep sep- sep-solid\" style=\"border-color:#e0dede;\"><\/div><\/div><span class=\"awb-title-spacer fusion-no-large-visibility fusion-no-medium-visibility fusion-no-small-visibility\"><\/span><h3 class=\"title-heading-left fusion-responsive-typography-calculated\" style=\"margin:0;font-size:1em;--fontSize:46;line-height:1.67;\">MEDIENHAUS Kolbl GmbH<\/h3><span class=\"awb-title-spacer\"><\/span><div class=\"title-sep-container title-sep-container-right\"><div class=\"title-sep sep- sep-solid\" style=\"border-color:#e0dede;\"><\/div><\/div><\/div><div class=\"fusion-separator\" style=\"align-self: flex-start;margin-right:auto;margin-top:0px;margin-bottom:20px;width:100%;max-width:50px;\"><div class=\"fusion-separator-border sep-single sep-solid\" style=\"--awb-height:20px;--awb-amount:20px;--awb-sep-color:#cbaa5c;border-color:#cbaa5c;border-top-width:1px;\"><\/div><\/div><div class=\"fusion-text fusion-text-1\"><p>Unser erfahrenes Team arbeitet mit modernster Technologie und hochwertigen Materialien, um Ihre Drucke perfekt umzusetzen. Wir legen dabei gro\u00dfen Wert auf Qualit\u00e4t und Zuverl\u00e4ssigkeit, damit Sie mit unseren Ereignissen rundum zufrieden sind.<\/p>\n<\/div><\/div><\/div><div class=\"fusion-layout-column fusion_builder_column fusion-builder-column-1 fusion_builder_column_1_2 1_2 fusion-flex-column\" style=\"--awb-bg-size:cover;--awb-width-large:50%;--awb-margin-top-large:0px;--awb-spacing-right-large:3.84%;--awb-margin-bottom-large:20px;--awb-spacing-left-large:3.84%;--awb-width-medium:33.333333333333%;--awb-spacing-right-medium:5.76%;--awb-spacing-left-medium:5.76%;--awb-width-small:100%;--awb-spacing-right-small:1.92%;--awb-spacing-left-small:1.92%;\"><div class=\"fusion-column-wrapper fusion-flex-justify-content-flex-start fusion-content-layout-column\"><div class=\"fusion-image-element \" style=\"--awb-liftup-border-radius:0px;--awb-caption-title-font-family:var(--h2_typography-font-family);--awb-caption-title-font-weight:var(--h2_typography-font-weight);--awb-caption-title-font-style:var(--h2_typography-font-style);--awb-caption-title-size:var(--h2_typography-font-size);--awb-caption-title-transform:var(--h2_typography-text-transform);--awb-caption-title-line-height:var(--h2_typography-line-height);--awb-caption-title-letter-spacing:var(--h2_typography-letter-spacing);\"><div class=\"awb-image-frame awb-image-frame-1 imageframe-liftup\"><span class=\" fusion-imageframe imageframe-none imageframe-1\" class=\"image-scroll\"><a href=\"https:\/\/kolbl.at\/wp-content\/uploads\/2023\/10\/digitaldrucker_02.jpg\" class=\"fusion-lightbox\" data-rel=\"iLightbox[deluxe]\" data-title=\"digitaldrucker_02\" title=\"digitaldrucker_02\"><img decoding=\"async\" width=\"1500\" height=\"900\" src=\"https:\/\/kolbl.at\/wp-content\/uploads\/2023\/10\/digitaldrucker_02.jpg\" alt class=\"img-responsive wp-image-2076\" srcset=\"https:\/\/kolbl.at\/wp-content\/uploads\/2023\/10\/digitaldrucker_02-200x120.jpg 200w, https:\/\/kolbl.at\/wp-content\/uploads\/2023\/10\/digitaldrucker_02-400x240.jpg 400w, https:\/\/kolbl.at\/wp-content\/uploads\/2023\/10\/digitaldrucker_02-600x360.jpg 600w, https:\/\/kolbl.at\/wp-content\/uploads\/2023\/10\/digitaldrucker_02-800x480.jpg 800w, https:\/\/kolbl.at\/wp-content\/uploads\/2023\/10\/digitaldrucker_02-1200x720.jpg 1200w, https:\/\/kolbl.at\/wp-content\/uploads\/2023\/10\/digitaldrucker_02.jpg 1500w\" sizes=\"(max-width: 1024px) 100vw, (max-width: 640px) 100vw, 600px\" \/><\/a><\/span><\/div><\/div><\/div><\/div><div class=\"fusion-layout-column fusion_builder_column fusion-builder-column-2 fusion_builder_column_1_2 1_2 fusion-flex-column\" style=\"--awb-bg-size:cover;--awb-width-large:50%;--awb-margin-top-large:0px;--awb-spacing-right-large:3.84%;--awb-margin-bottom-large:20px;--awb-spacing-left-large:3.84%;--awb-width-medium:33.333333333333%;--awb-spacing-right-medium:5.76%;--awb-spacing-left-medium:5.76%;--awb-width-small:100%;--awb-spacing-right-small:1.92%;--awb-spacing-left-small:1.92%;\"><div class=\"fusion-column-wrapper fusion-flex-justify-content-flex-start fusion-content-layout-column\"><div class=\"fusion-image-element \" style=\"--awb-liftup-border-radius:0px;--awb-caption-title-font-family:var(--h2_typography-font-family);--awb-caption-title-font-weight:var(--h2_typography-font-weight);--awb-caption-title-font-style:var(--h2_typography-font-style);--awb-caption-title-size:var(--h2_typography-font-size);--awb-caption-title-transform:var(--h2_typography-text-transform);--awb-caption-title-line-height:var(--h2_typography-line-height);--awb-caption-title-letter-spacing:var(--h2_typography-letter-spacing);\"><div class=\"awb-image-frame awb-image-frame-2 imageframe-liftup\"><span class=\" fusion-imageframe imageframe-none imageframe-2\" class=\"image-scroll\"><a href=\"https:\/\/kolbl.at\/wp-content\/uploads\/2023\/10\/digitaldrucker.jpg\" class=\"fusion-lightbox\" data-rel=\"iLightbox[deluxe]\" data-title=\"digitaldrucker\" title=\"digitaldrucker\"><img decoding=\"async\" width=\"1500\" height=\"900\" src=\"https:\/\/kolbl.at\/wp-content\/uploads\/2023\/10\/digitaldrucker.jpg\" alt class=\"img-responsive wp-image-2075\" srcset=\"https:\/\/kolbl.at\/wp-content\/uploads\/2023\/10\/digitaldrucker-200x120.jpg 200w, https:\/\/kolbl.at\/wp-content\/uploads\/2023\/10\/digitaldrucker-400x240.jpg 400w, https:\/\/kolbl.at\/wp-content\/uploads\/2023\/10\/digitaldrucker-600x360.jpg 600w, https:\/\/kolbl.at\/wp-content\/uploads\/2023\/10\/digitaldrucker-800x480.jpg 800w, https:\/\/kolbl.at\/wp-content\/uploads\/2023\/10\/digitaldrucker-1200x720.jpg 1200w, https:\/\/kolbl.at\/wp-content\/uploads\/2023\/10\/digitaldrucker.jpg 1500w\" sizes=\"(max-width: 1024px) 100vw, (max-width: 640px) 100vw, 600px\" \/><\/a><\/span><\/div><\/div><\/div><\/div><div class=\"fusion-layout-column fusion_builder_column fusion-builder-column-3 fusion_builder_column_1_1 1_1 fusion-flex-column fusion-flex-align-self-flex-start fusion-column-no-min-height\" style=\"--awb-bg-size:cover;--awb-width-large:100%;--awb-margin-top-large:0px;--awb-spacing-right-large:1.92%;--awb-margin-bottom-large:0px;--awb-spacing-left-large:1.92%;--awb-width-medium:100%;--awb-spacing-right-medium:1.92%;--awb-spacing-left-medium:1.92%;--awb-width-small:100%;--awb-spacing-right-small:1.92%;--awb-spacing-left-small:1.92%;\"><div class=\"fusion-column-wrapper fusion-flex-justify-content-flex-start fusion-content-layout-column\"><div class=\"fusion-separator fusion-full-width-sep\" style=\"align-self: center;margin-left: auto;margin-right: auto;margin-top:13px;margin-bottom:13px;width:100%;\"><\/div><\/div><\/div><div class=\"fusion-layout-column fusion_builder_column fusion-builder-column-4 fusion_builder_column_1_1 1_1 fusion-flex-column\" style=\"--awb-bg-size:cover;--awb-width-large:100%;--awb-margin-top-large:0px;--awb-spacing-right-large:1.92%;--awb-margin-bottom-large:20px;--awb-spacing-left-large:1.92%;--awb-width-medium:100%;--awb-order-medium:0;--awb-spacing-right-medium:1.92%;--awb-spacing-left-medium:1.92%;--awb-width-small:100%;--awb-order-small:0;--awb-spacing-right-small:1.92%;--awb-spacing-left-small:1.92%;\"><div class=\"fusion-column-wrapper fusion-column-has-shadow fusion-flex-justify-content-flex-start fusion-content-layout-column\"><div class=\"fusion-text fusion-text-2\"><p>St\u00f6bern Sie gerne durch unsere Webseite, um mehr \u00fcber unsere Leistungen und Produkte zu erfahren.<\/p>\n<p>Bei Fragen stehen wir Ihnen jederzeit zur Verf\u00fcgung und freuen uns auf Ihre Anfrage.<\/p>\n<\/div><\/div><\/div><div class=\"fusion-layout-column fusion_builder_column fusion-builder-column-5 fusion_builder_column_1_2 1_2 fusion-flex-column\" style=\"--awb-bg-size:cover;--awb-width-large:50%;--awb-margin-top-large:0px;--awb-spacing-right-large:3.84%;--awb-margin-bottom-large:20px;--awb-spacing-left-large:3.84%;--awb-width-medium:33.333333333333%;--awb-spacing-right-medium:5.76%;--awb-spacing-left-medium:5.76%;--awb-width-small:100%;--awb-spacing-right-small:1.92%;--awb-spacing-left-small:1.92%;\"><div class=\"fusion-column-wrapper fusion-flex-justify-content-flex-start fusion-content-layout-column\"><div class=\"fusion-image-element \" style=\"--awb-liftup-border-radius:0px;--awb-caption-title-font-family:var(--h2_typography-font-family);--awb-caption-title-font-weight:var(--h2_typography-font-weight);--awb-caption-title-font-style:var(--h2_typography-font-style);--awb-caption-title-size:var(--h2_typography-font-size);--awb-caption-title-transform:var(--h2_typography-text-transform);--awb-caption-title-line-height:var(--h2_typography-line-height);--awb-caption-title-letter-spacing:var(--h2_typography-letter-spacing);\"><div class=\"awb-image-frame awb-image-frame-3 imageframe-liftup\"><span class=\" fusion-imageframe imageframe-none imageframe-3\" class=\"image-scroll\"><a href=\"https:\/\/kolbl.at\/wp-content\/uploads\/2023\/06\/meating-800x480.jpg\" class=\"fusion-lightbox\" data-rel=\"iLightbox[deluxe]\" data-caption=\"Business team working on new project and smiling. Man and women sitting together in modern office for project discussion.\" data-title=\"Business,Team,Working,On,New,Project,And,Smiling.,Man,And\" title=\"Business,Team,Working,On,New,Project,And,Smiling.,Man,And\"><img decoding=\"async\" width=\"800\" height=\"480\" src=\"https:\/\/kolbl.at\/wp-content\/uploads\/2023\/06\/meating-800x480.jpg\" alt class=\"img-responsive wp-image-2002\" srcset=\"https:\/\/kolbl.at\/wp-content\/uploads\/2023\/06\/meating-200x120.jpg 200w, https:\/\/kolbl.at\/wp-content\/uploads\/2023\/06\/meating-400x240.jpg 400w, https:\/\/kolbl.at\/wp-content\/uploads\/2023\/06\/meating-600x360.jpg 600w, https:\/\/kolbl.at\/wp-content\/uploads\/2023\/06\/meating-800x480.jpg 800w, https:\/\/kolbl.at\/wp-content\/uploads\/2023\/06\/meating-1200x720.jpg 1200w, https:\/\/kolbl.at\/wp-content\/uploads\/2023\/06\/meating.jpg 1500w\" sizes=\"(max-width: 1024px) 100vw, (max-width: 640px) 100vw, 600px\" \/><\/a><\/span><\/div><\/div><\/div><\/div><div class=\"fusion-layout-column fusion_builder_column fusion-builder-column-6 fusion_builder_column_1_2 1_2 fusion-flex-column\" style=\"--awb-bg-size:cover;--awb-width-large:50%;--awb-margin-top-large:0px;--awb-spacing-right-large:3.84%;--awb-margin-bottom-large:20px;--awb-spacing-left-large:3.84%;--awb-width-medium:33.333333333333%;--awb-spacing-right-medium:5.76%;--awb-spacing-left-medium:5.76%;--awb-width-small:100%;--awb-spacing-right-small:1.92%;--awb-spacing-left-small:1.92%;\"><div class=\"fusion-column-wrapper fusion-flex-justify-content-flex-start fusion-content-layout-column\"><div class=\"fusion-image-element \" style=\"--awb-liftup-border-radius:0px;--awb-caption-title-font-family:var(--h2_typography-font-family);--awb-caption-title-font-weight:var(--h2_typography-font-weight);--awb-caption-title-font-style:var(--h2_typography-font-style);--awb-caption-title-size:var(--h2_typography-font-size);--awb-caption-title-transform:var(--h2_typography-text-transform);--awb-caption-title-line-height:var(--h2_typography-line-height);--awb-caption-title-letter-spacing:var(--h2_typography-letter-spacing);\"><div class=\"awb-image-frame awb-image-frame-4 imageframe-liftup\"><span class=\" fusion-imageframe imageframe-none imageframe-4\" class=\"image-scroll\"><a href=\"https:\/\/kolbl.at\/wp-content\/uploads\/2023\/06\/arbeitstisch.jpg\" class=\"fusion-lightbox\" data-rel=\"iLightbox[deluxe]\" data-caption=\"graphic designer team working on web design using color swatches editing artwork using tablet and a stylus At Desks In Busy Creative Office\" data-title=\"Graphic,Designer,Team,Working,On,Web,Design,Using,Color,Swatches\" title=\"Graphic,Designer,Team,Working,On,Web,Design,Using,Color,Swatches\"><img decoding=\"async\" width=\"1500\" height=\"900\" src=\"https:\/\/kolbl.at\/wp-content\/uploads\/2023\/06\/arbeitstisch.jpg\" alt class=\"img-responsive wp-image-1995\" srcset=\"https:\/\/kolbl.at\/wp-content\/uploads\/2023\/06\/arbeitstisch-200x120.jpg 200w, https:\/\/kolbl.at\/wp-content\/uploads\/2023\/06\/arbeitstisch-400x240.jpg 400w, https:\/\/kolbl.at\/wp-content\/uploads\/2023\/06\/arbeitstisch-600x360.jpg 600w, https:\/\/kolbl.at\/wp-content\/uploads\/2023\/06\/arbeitstisch-800x480.jpg 800w, https:\/\/kolbl.at\/wp-content\/uploads\/2023\/06\/arbeitstisch-1200x720.jpg 1200w, https:\/\/kolbl.at\/wp-content\/uploads\/2023\/06\/arbeitstisch.jpg 1500w\" sizes=\"(max-width: 1024px) 100vw, (max-width: 640px) 100vw, 600px\" \/><\/a><\/span><\/div><\/div><\/div><\/div><\/div><\/div>\n","protected":false},"excerpt":{"rendered":"","protected":false},"author":1,"featured_media":0,"parent":0,"menu_order":1,"comment_status":"open","ping_status":"closed","template":"100-width.php","meta":{"footnotes":""},"class_list":["post-1485","page","type-page","status-publish","hentry"],"_links":{"self":[{"href":"https:\/\/kolbl.at\/index.php\/wp-json\/wp\/v2\/pages\/1485","targetHints":{"allow":["GET"]}}],"collection":[{"href":"https:\/\/kolbl.at\/index.php\/wp-json\/wp\/v2\/pages"}],"about":[{"href":"https:\/\/kolbl.at\/index.php\/wp-json\/wp\/v2\/types\/page"}],"author":[{"embeddable":true,"href":"https:\/\/kolbl.at\/index.php\/wp-json\/wp\/v2\/users\/1"}],"replies":[{"embeddable":true,"href":"https:\/\/kolbl.at\/index.php\/wp-json\/wp\/v2\/comments?post=1485"}],"version-history":[{"count":16,"href":"https:\/\/kolbl.at\/index.php\/wp-json\/wp\/v2\/pages\/1485\/revisions"}],"predecessor-version":[{"id":2320,"href":"https:\/\/kolbl.at\/index.php\/wp-json\/wp\/v2\/pages\/1485\/revisions\/2320"}],"wp:attachment":[{"href":"https:\/\/kolbl.at\/index.php\/wp-json\/wp\/v2\/media?parent=1485"}],"curies":[{"name":"wp","href":"https:\/\/api.w.org\/{rel}","templated":true}]}}